 l be a(12). Let s(f) = 3 - 7*f - l*f + 3*f - 2. What is s(1)?
-5
Let x(f) = 20 + 11*f - 15*f + 53 + 2*f + 10. Give x(0).
83
Let t(q) be the second derivative of -7*q**3/3 + 2*q**2 + q - 210. Give t(-2).
32
Suppose 14*d - 10*d + 25*d + 522 = 0. Let r(m) = -m + 2. Determine r(d).
20
Let x(w) = -w**2 + 25*w - 3. Let r be x(25). Let j be (0 - r)/(-3 - 90/(-35)). Let m(h) be the first derivative of -h**2/2 - 3*h - 2. Calculate m(j).
4
Let f(i) = 2*i**3 + 2*i**2 - 3*i + 3. Let y be (3 - -7)*15/(-50). Calculate f(y).
-24
Let m(n) be the first derivative of -n**2/2 + 132*n + 5097. Determine m(0).
132
Let g(q) = -2*q**2 + 8*q - 4. Let a be (-63)/(-18)*(-2 + (-10)/(-7)). Let d be ((-65)/26)/(0 - (-1)/a). Give g(d).
-14
Let j = -713 - -708. Let p(q) = 3*q + 7. Let z(g) = -3*g - 7. Let o(l) = 2*p(l) + 3*z(l). What is o(j)?
8
Let b(c) = 7*c + 3673. Let a(o) = -4*o - 2206. Let n(s) = -5*a(s) - 3*b(s). Suppose 4*u = 19 + 9. Calculate n(u).
4
Let i(m) = -54*m - 22. Let v(y) = -4*y - 2. Let f(t) = -i(t) + 14*v(t). Give f(16).
-38
Let r(b) be the second derivative of 154*b + 1/2*b**3 + 0 - 1/12*b**4 + 5/2*b**2. Give r(5).
-5
Let u = -15 + 23. Suppose u*g + 58 = 2. Let h(a) = -a**2 - 6*a. Give h(g).
-7
Let j be (-10)/(-15)*(5 - 25 - -5). Let g(h) = 2*h**2 + 13*h - 1. What is g(j)?
69
Suppose -7*w = -8*w + 4*w. Let j(i) = -4*i + i**2 - 7 + 2*i + w + 5. Suppose 6*r - 18 = -0*r. Determine j(r).
1
Let g(o) = -o - 19. Suppose -2*a + 0*a + 4*t + 8 = 0, 2*a - t = 5. Suppose -a*y - 125 = -109. Calculate g(y).
-11
Let c be (9 + 0 - 17) + 8. Let b(r) = r**2 - 4*r - 8. Let n(y) = y**2 - 5*y - 7. Let o(v) = 4*b(v) - 3*n(v). What is o(c)?
-11
Let l(m) = -2*m + 10*m**3 + 0 + 7 - m + 6*m - 12*m**3 - 8*m**2. Give l(-4).
-5
Let i(x) = -x**2 + 4*x + 5. Suppose -7*q + 5*g - 21 = -8*q, 2*q - 3*g = -23. Determine i(q).
-27
Let j = -5036 + 5051. Let v(r) be the first derivative of r**4/2 - 31*r**3/3 + 8*r**2 - 8*r + 4. What is v(j)?
7
Let z(p) = p**3 - 7*p**2 + 6*p - 10. Let b = 9403 - 9396. What is z(b)?
32
Suppose -30*b = -28*b - 10, b = -2*h + 3*b - 14. Let k(i) = 5*i - 9 - 7*i - 5*i. Determine k(h).
5
Let m(o) = o**3 - 15*o**2 - 19*o - 14. Let l(v) = 2*v**3 - 30*v**2 - 37*v - 25. Let q(f) = 3*l(f) - 5*m(f). Suppose -2*t - 13*t = -240. What is q(t)?
-5
Let p be -1*(9/3 - 0). Let i = p - -1. Let x(s) = -40*s - 22. Let z(q) = 142*q + 79. Let n(r) = -18*x(r) - 5*z(r). Give n(i).
-19
Let w(z) be the third derivative of 0 + 1/8*z**4 + 62*z**2 + 0*z - 1/12*z**5 + 0*z**3. Let t(l) = -l + 3. Let v be t(1). Determine w(v).
-14
Let g(j) = -11*j - 359. Let a be g(-33). Let y(z) = 49 + a*z + 45 - 106. Determine y(7).
16
Let y(g) be the second derivative of 17/6*g**4 - 1/20*g**5 - 1/360*g**6 + 36*g + 0 + 0*g**3 + 0*g**2. Let c(v) be the third derivative of y(v). Determine c(-5).
4
Suppose -378 = -20*p + 22. Suppose 10 = 3*t - 56. Let y = p - t. Let i(w) = 4*w + 1. Calculate i(y).
-7
Let v(j) be the second derivative of j**5/20 - 37*j**4/12 + 79*j**3/3 + 30*j**2 - 8687*j. What is v(32)?
-4
Let v be (-5 + 6)*0/(1 + -2). Suppose -5*n - 10 = v, 4*a + 208 = -4*n - 36. Let f = a + 66. Let o(w) = -3*w + 4. Determine o(f).
-17
Let h(x) be the second derivative of 1/3*x**4 + 2/3*x**3 + 3 - 15*x + 1/20*x**5 - x**2. Give h(-4).
-18
Let s(x) = x**3 + 22*x**2 - 3*x + 21. Let z(a) = 4*a**3 + 77*a**2 - 10*a + 63. Let q(j) = 7*s(j) - 2*z(j). What is q(0)?
21
Suppose 6*q + 79 = 121. Let n(v) = 4*v**2 + 11*v + 12. Let p(s) = s**2 + s + 1. Let l(o) = n(o) - 5*p(o). Determine l(q).
0
Let m be (-2)/32 + (-1665)/1776. Let v(r) = -3*r - 1. Calculate v(m).
2
Suppose 5*g + 6*g - 22 = 0. Let j(m) = 5*m**g - m**3 - 46*m + 4*m**2 + 90*m - 1 - 45*m. Give j(9).
-10
Let v(n) = 9*n - 27. Let p(h) = -h - 2. Let r(d) = -5*p(d) - v(d). What is r(-10)?
77
Let w(k) = -94067*k + 94070*k + 2 + 2 + 4 - 5. Suppose 0*b = 3*b + 21. Give w(b).
-18
Let i be 102/85*(-10)/(-4). Let k be (3/4)/(i/12). Let g be (2/(-4 + k))/(2/(-2)). Let m(t) = -t**2 + 3*t + 1. Determine m(g).
3
Let j(k) be the second derivative of k**3/6 - k**2 - 1250*k + 2. Let o = -3 + 9. What is j(o)?
4
Suppose 4*p - r = 2, -4*p - p + r = -2. Let b(x) = -7*x + 72 - 70 + 2*x + x**2 - 3*x**2 + p*x. Calculate b(-5).
-23
Let l(p) = -4*p - 890 + 884 - 10*p + p**2. Calculate l(13).
-19
Suppose -j + 2*i = -11, j - 4*i = 21 - 0. Suppose -4*b + 3 = -3*t, 0 = 4*b - 7*t + 2*t - 5. Let u(a) = b*a**2 - 3*a**2 + 4 - 3 - 10*a + 8*a. Calculate u(j).
-4
Let d(n) be the third derivative of n**5/30 - n**4/3 + 7*n**3/6 - 4*n**2 + 90*n + 6. Suppose 4*q - 3*r - 21 - 8 = 0, -8 = -4*q - 4*r. Calculate d(q).
17
Suppose 40 = 4*d - 3*o, -4*d - 21*o = -22*o - 48. Let a(p) = 6*p**2 - 76*p - 16. Determine a(d).
10
Let j(s) = 194656*s - 1 - 194656*s + s**3 + 6*s**2. Calculate j(-6).
-1
Let a(f) be the first derivative of -11 - 1/2*f**2 + 9*f. Let l be a(11). Let c(q) = 8*q + 1. Give c(l).
-15
Let c(r) = 2*r**3 + 4*r**2 - 4*r + 13. Let k be c(-3). Let x(u) = 2*u - 20. Give x(k).
-6
Suppose 0 = 5*c - 5*k + k + 38, -k = -2. Let j(o) = -1. Let m(v) = v**2 + 6*v + 10. Let l be 3*-2*(-1)/2. Let w(b) = l*j(b) + m(b). What is w(c)?
7
Let o(s) = 62*s - 15. Let y(u) = -13*u + 3. Let j(b) = 2*o(b) + 10*y(b). Suppose 0 = -p - 2 - 1. Calculate j(p).
18
Let k(b) = -4*b - 1. Let u(m) = m**2 + 4*m - 1. Let c be u(-5). Let t be -2*c - 0/(1 - 2). Let o be (-18)/(-15)*(52/t - -4). Calculate k(o).
11
Let h(r) be the second derivative of 11*r**3/6 - 3*r**2/2 - r - 471. What is h(0)?
-3
Let a(d) = 49*d + 25 + 153 - 179. What is a(-1)?
-50
Let g(p) = -p**2 + 17*p - 2. Suppose -3*q + 60 = -a, -4*q + 67 = 4*a + 3. Determine g(q).
-40
Let r = -93 - -107. Suppose -4*p - r = -2*z, -5*z - 18 = -2*p - 5. Let c(w) = 2*w + 14. Determine c(p).
2
Let m(w) = 4*w**2 + 8*w - 13. Let p(n) = n**2. Let k(f) = -m(f) + 5*p(f). Let q(u) = u**2 - 43*u + 454. Let o be q(25). Determine k(o).
-3
Let r = -99 + 102. Let l be r*-1 - (-11)/(44/(-16)). Let w(m) = m**3 + 6*m**2 - 8*m + 5. What is w(l)?
12
Suppose 4*p + 14 + 10 = 0. Let j(b) be the first derivative of -b**5/120 - b**4/24 + 167*b**3/3 + 306. Let h(z) be the third derivative of j(z). Determine h(p).
5
Suppose 7*t - 40 = 163. Suppose 3*f + t = m, -7*m = -f - 8*m - 3. Let b be f + -1*(0 - -1). Let o(v) = -v**3 - 9*v**2 + 11. Give o(b).
11
Let g(z) = -z + 5. Let k be g(3). Suppose k*r - 40 = -r - h, -3*r = -3*h - 24. Let u(d) = -d + 16. Calculate u(r).
4
Suppose -8*l = l - 24*l - 270. Let j(t) = -t**3 - 15*t**2 + 51*t - 55. Determine j(l).
-1
Let s(k) = 751*k + 3023. Let c be s(-4). Let n(a) = a**2 - 13*a - 46. Determine n(c).
68
Let t(c) = -c**3 - 3*c**2 + c - 4. Let z be -1*(4 + (-138)/30)/((-2)/10). Let s(v) = 0 - 4*v + 2 - v**3 + 0 - 5*v**2. Let a be s(z). Give t(a).
8
Let k(f) = -69315092 - f + 96*f**2 + 69315094 - 236*f**2. Calculate k(1).
-139
Suppose -2*d - d = 57. Let r(z) = z - 17. Let l be r(5). Let k = l - d. Let i(h) = h**3 - 6*h**2 - 8*h + 1. What is i(k)?
-6
Let y(k) be the first derivative of -11*k**4/4 - k**3/3 + k + 2327. Suppose o + 4*o + 5 = 0. Let q = o + 0. Give y(q).
11
Let x(w) be the second derivative of w**3/6 + 9*w**2/2 + w. Let o = -381 + 1. Let f = -388 - o. Calculate x(f).
1
Let w(t) = 11*t + 14. Let o(k) = 4*k + 5. Suppose 3 = -3*y + 42. Suppose -y*r + 15*r = -16. Let n(u) = r*o(u) + 3*w(u). What is n(-2)?
0
Suppose s + 15253 = -5*r + 15252, 5*r = 2*s + 17. Let a(k) = -8*k**2 - 8*k + 7. Let f(i) = -7*i**2 - 7*i + 6. Let m(p) = 5*a(p) - 6*f(p). Give m(r).
3
Let i(r) = r**3 + 6*r**2 - 6*r - 11. Let q(s) = -s**3 - 8*s**2 + 7*s + 13. Let m(a) = -5*i(a) - 4*q(a). Calculate m(0).
3
Let l = 755 + -747. Let o(g) = -3*g**2 + g - 8 + g**3 - 3*g - 5*g**2 - g + 5*g. Determine o(l).
8
Let h(w) = 2*w + 6. Suppose -10*m + 24 = -6*m. Let o be (-21)/(-9) + 4/m. Suppose -2*d = 2*i + 12, -o*d - 12 = -2*i + 4*i. Give h(i).
-6
Let s(y) = 4*y**2 - 3*y + 3. Let a = -121 + 17. Let f be (-78)/a - (-10)/8. Calculate s(f).
13
Let x = 96 + -137. Let d = -41 - x. Suppose -u - 7*u - 8 = d. Let m(v) = v**3 + v**2 + v + 1. What is m(u)?
0
Let l(h) = -h**2 + 8*h - 5. Suppose m = 5*y + 85, -8*m + 340 = -4*m - 2*y. Let j = 90 - m. Give l(j).
10
Let l = -264 - -460. Let k = l + -196. Let y(d) = -d**2 + 3. Give y(k).
3
Let x(b) = -b**2 - 6*b. Let d(v) = v**2 + 3*v - 61. Let y be d(7). Let m b